 of h and 19.
19
Let l(o) = -3*o + 0*o - 8 + 8*o - o. Suppose 5*a + 15 = 5*s - 35, -a - 30 = -5*s. Let y be l(s). Calculate the highest common factor of 3 and y.
3
Let z = -630 - -635. Let j(q) = -6*q**2 + 9*q**2 - 3 + 9*q**2 + 5*q**2. Let c be j(-2). What is the greatest common factor of z and c?
5
Let j = -61 + 67. Let d be (0 + -1)/(((-9)/j)/3). Suppose -3*f = -d*m - 156, 2*m + m = f - 52. Calculate the highest common factor of 130 and f.
26
Let c be (2070/10 + -17)/(6 - 4). What is the highest common divisor of 33060 and c?
95
Let q be (9/(-7))/(15/(-35)). Suppose 3*n + 3*l = 7*n - 138, -100 = -3*n + 4*l. Suppose 8*o = 5*o + n. What is the highest common divisor of q and o?
3
Let g(y) = -4*y**2 + 53*y - 26. Let v be g(17). Let c = 299 + v. Calculate the greatest common divisor of c and 9.
9
Suppose 2*r + 5*h - 31221 = 31094, -3*r - h + 93427 = 0. Calculate the greatest common divisor of r and 12.
12
Suppose 6*p - 13*p = -77. Suppose p*b - 3 = 10*b, -c - 5*b = -21. Let y be 2/4 - 46/(-4). Calculate the greatest common factor of c and y.
6
Let o(r) = 2*r**2 - 39*r - 14. Let i = -50 - -52. Suppose -i*p = -4 - 36. Let y be o(p). What is the highest common factor of 4 and y?
2
Let q = 1360 + -1056. What is the greatest common factor of 418 and q?
38
Let m(q) = 21*q**2 - q - 1. Let v be m(-2). Let p = 235 - v. Let t = 194521 - 194491. Calculate the greatest common divisor of p and t.
30
Let f be (-1 - 17/2)/(13/(-26)). Suppose -9*r - 700 = -f*r. What is the greatest common divisor of 35 and r?
35
Let d be (-18 - (-48)/4)*247/(-1). Calculate the greatest common factor of 76 and d.
38
Let u = 269 + -1. Let v = u + -232. What is the highest common divisor of 120 and v?
12
Suppose 742*f - 246*f = 566928. Calculate the highest common factor of 1397 and f.
127
Let k = 7 + 11. Let f = 78678 - 78579. Calculate the highest common factor of k and f.
9
Let z = 8848 + 144. What is the highest common factor of 16 and z?
16
Suppose 2*p = -2*n + 3*n + 109, -5*p + 4*n + 271 = 0. What is the greatest common divisor of 1837 and p?
11
Let p be -5 + 912 + -1 + 6. Let k = 914 - p. What is the greatest common factor of k and 98?
2
Let l(f) = -f**2 - 51*f - 284. Let c be l(-16). What is the highest common divisor of 11730 and c?
138
Suppose 0 = 2*f - 3*d - 9474, 4*f + 4*d - 12825 = 6063. Calculate the greatest common divisor of f and 72.
24
Let l = 6 + 2. Let h(a) = -7500*a + 52532. Let y be h(7). What is the highest common divisor of y and l?
8
Suppose -185 = -y - 5*v, -3*y + 2*v + 455 = -3*v. Suppose -2*x = 3*x - 50. Calculate the highest common factor of x and y.
10
Let k be 379 - 3 - (-4)/(-2). Suppose -2*f + 108 = -4*m, -2*m = 5*f - f - 166. What is the highest common factor of f and k?
22
Let l = 636451 - 636415. Let a be 535 - 2/2*-2. Suppose 0*h - h + 165 = 5*v, 3*h - a = -v. What is the greatest common factor of l and h?
36
Suppose -k + 6 = k. Let l(d) = -d - 19. Let p be l(-11). Let q(w) = w**2 + 6*w - 14. Let x be q(p). Calculate the greatest common divisor of x and k.
1
Suppose 0 = p - l + 3, 2*p - 6*p - 3*l = -9. Suppose p = 8*m - m - 28. Let x be -25*((5 - m) + -2). What is the highest common divisor of 225 and x?
25
Suppose -5*w + 2*d - d = 264, 2*w = -3*d - 92. Let u = w + 53. Calculate the highest common divisor of u and 31.
1
Let n = -517 + 521. Suppose -m = -2*z - 90, n*m - 395 = -m - z. Calculate the highest common divisor of m and 10.
10
Suppose -728 - 5086 = -9*o. What is the highest common divisor of 133 and o?
19
Suppose -2*k + 7*k - 21 = -2*g, 4*g + 3 = -k. Suppose k*m + 108 = 363. What is the highest common divisor of m and 34?
17
Suppose l + 189 = 4*c - 136, 5*c + 2*l = 390. Suppose c = 8*g - 88. What is the greatest common factor of g and 336?
21
Suppose 5*s - 10 = 15, 5*t - 1965 = 5*s. Let i = -299 + t. Let g(z) = 3*z - 7. Let j be g(6). What is the highest common factor of i and j?
11
Let q(o) = -8*o - 7*o**2 + 3*o**2 - o + 3*o**2 + 97. Let u be q(6). Suppose -2*z + z = -35. Calculate the highest common factor of z and u.
7
Suppose -3*o = -4*n + 600, 2161*n - 2158*n = -5*o + 479. Let q be 2 + 2 + (18 - 5). Calculate the highest common divisor of q and n.
17
Let s be ((-368)/(-69))/(6/27). Let d = 30 + s. Calculate the highest common divisor of d and 36.
18
Let j = -8622 + 8731. Calculate the highest common factor of j and 11772.
109
Suppose 5*f - 17 = 13. Let l(z) = z**3 - 7*z**2 - z + 8. Let y be l(7). Suppose f*a - 7 = -y. What is the greatest common factor of a and 11?
1
Suppose -3*s + 2*s = 5*r + 29, -2*r + 10 = 0. Let d be ((-40)/(-6))/((-15)/s). Calculate the highest common divisor of 648 and d.
24
Suppose -2489 = -1951*p + 6768 + 10253. Let s be 5*2 - 0/1. What is the highest common factor of s and p?
10
Suppose -k = d - 1171, 58*d + 3506 = 61*d - 4*k. Calculate the highest common factor of d and 50.
10
Let a(c) = 6*c**2 + 55*c + 6. Let g be a(-9). Let m(x) = -39*x - 105. Let b be m(g). What is the highest common factor of 1020 and b?
12
Let m(c) = 57*c + 70. Let u be m(-1). Suppose 5*s = 10, -u*y - s = -11*y - 92. What is the greatest common factor of y and 15?
15
Let r be 16/72 + 2048/18. Suppose o = 2*o - r. Let z = -90 + o. Calculate the greatest common divisor of z and 240.
24
Suppose 100 = 4*q - 40. Suppose -5*h - q = -35. Suppose l + 5*p + 9 = h, 2*l + 4*p - 11 - 1 = 0. Calculate the greatest common divisor of l and 4.
4
Suppose 3*a + 3 = l + 1, -2*l = 2*a + 12. Let g = a + -49. Let h = g + 61. What is the greatest common factor of 2 and h?
2
Let g(a) = 29*a - 8. Let u be g(2). Let o be 63/13 - u/(-325). Calculate the greatest common divisor of 145 and o.
5
Let j be (-4)/(-20) - (-57)/(-30)*38. Let r be j/(-15) - (-5)/25. Calculate the greatest common divisor of r and 175.
5
Suppose -5*g + f = -13, -7*g = -4*g + 5*f - 19. Suppose 0 = a - 3*p - 309, -g*p - 1209 = 14*a - 18*a. What is the greatest common factor of 6 and a?
6
Let h(d) = 30*d + 148. Let u be h(-22). Let x = u + 516. What is the greatest common divisor of x and 54?
2
Let n be 295*192/(-18)*(-18)/60. What is the highest common factor of 59 and n?
59
Let u(v) = -33*v. Let k be u(-1). Let y be (-198)/(-3)*((-968)/(-66) + -14). Calculate the greatest common factor of k and y.
11
Let u = -3229 - -3237. What is the highest common divisor of 2520 and u?
8
Suppose 3*h - 3514 = -2*b, 31*h - 33*h + 5*b = -2330. What is the highest common factor of h and 78?
78
Let i = -36 + 53. Suppose -10*x + 270 = i*x. Calculate the greatest common factor of x and 10.
10
Let z be 3328/12 + 104/(-78). Calculate the highest common factor of 3 and z.
3
Suppose -2*c = -2*r - 8600, 0 = -4*c - 7*r + 10*r + 17202. Calculate the greatest common divisor of 72 and c.
18
Let x be (2 + -2 - -1)/(5/(-10)). Let w be 2/(-3)*(-3)/x*-40. Suppose -k - 4*b = -30, w = -0*k + 3*k + 2*b. What is the greatest common divisor of 40 and k?
10
Let z be (3 - 5) + 2*53. Let v = -18625 + 18690. What is the highest common factor of v and z?
13
Let r = -5 + 10. Let s be -1 + 73 + -6*10/15. Suppose 0 = -i + r*i - s. What is the highest common factor of 119 and i?
17
Let w be 2274/(-15) - 2 - (-4)/(-10). Let l be (8 - w/7)/((-3)/(-2)). Calculate the highest common divisor of l and 80.
20
Let f be 8/14*(-266)/(-76). Let b(o) = 2*o - 55*o**f + 89*o**2 - 2 + 0*o. Let n be b(2). Calculate the highest common factor of n and 23.
23
Let z = -1976 - -2108. Calculate the greatest common divisor of 143 and z.
11
Let x = 1453 - 1013. What is the greatest common divisor of 180 and x?
20
Let u = 401 - 242. Suppose 9*m = -87 + u. Let b(q) = -q + 32. Let s be b(0). What is the greatest common divisor of m and s?
8
Suppose -12 = -8*z + 28. Suppose -99 = -3*y - 3*p, -5*y - p + 140 + z = 0. Let t be 2/1*y/8. What is the greatest common factor of t and 14?
7
Suppose -292*v + 24485 = 1518 - 6817. Calculate the greatest common divisor of 93 and v.
3
Suppose -132 = -4*r - 2*y, 3*y - 780 = -4*r - 654. Calculate the greatest common divisor of r and 3252.
12
Let m = 367 + 374. Suppose 231 = 18*w - m. Calculate the greatest common factor of w and 45.
9
Let l(c) = 4*c + 37. Let i be l(-8). Suppose 2*o - 26 = o. Suppose 110 = 4*v - i*n - o, -2*v + 4*n = -62. Calculate the greatest common factor of 13 and v.
13
Let i(n) = -n + 2. Let p(t) = -54